25 = 0. Calculate the highest common divisor of a and 15.
15
Let p(d) = -34*d - 2397. Let a be p(-85). What is the highest common factor of 261 and a?
29
Suppose -5*l + 2126 = 3*x - 0*x, 0 = 5*l + 4*x - 2128. Let i be 28/(-4)*(23 + 642/(-21)). What is the highest common factor of i and l?
53
Suppose -5*g + 104 + 1141 = 0. Suppose -g = -24*o + 231. What is the highest common divisor of 460 and o?
20
Suppose -3195 = 501*w - 502*w. Let x be (w/35 - (-6)/(-21)) + -3. Let z be ((-66)/(-5))/(3/50). What is the greatest common divisor of z and x?
44
Suppose 0 = -3*m - 3*m + 942. Suppose 4*j = 3*o - 232, -5*o - 2*j = -m - 221. Calculate the highest common divisor of o and 114.
38
Suppose 4*j + 2*y = j + 21, -11 = -4*j + 3*y. Let n(r) = r**2 - 13*r + 11. Let p be n(j). Let f = 21 - p. What is the highest common factor of 10 and f?
10
Suppose -1439 = -5*b + l + 24484, -2*l = 6. Calculate the highest common factor of 162 and b.
162
Suppose 31*d + 16529 - 7889 = 65680. What is the greatest common divisor of d and 320?
80
Let u = 275 - 272. Let j be (-14 - u)*(1 - 10). Calculate the greatest common factor of j and 18.
9
Let g(q) = -q + 26. Let r be g(0). Suppose -5*n + 15 = -2*a, -4*n + 5*a + 12 = a. Let x be n*(-16)/(-36)*156. What is the highest common factor of r and x?
26
Suppose 20 = 4*y - 21 - 143. Let c be (-596)/(-1) + (-10)/(-5). Calculate the greatest common factor of c and y.
46
Let l(m) = -6*m + 6. Let f(b) = -b**3 - 5*b**2 - b - 2. Let s be f(-5). Let o be l(s). Let a = 20 + o. Calculate the highest common divisor of a and 56.
8
Let d(l) = 35*l**2 + 10*l**3 + 4*l**3 - 29 - 15*l**3 - 29*l**2 + 8*l. Let r be d(6). What is the greatest common factor of 950 and r?
19
Suppose -3*p + 3390 = 3*i, -2*i - 4514 = -6*i + 2*p. Let m = i + -387. What is the greatest common divisor of 14 and m?
14
Suppose -4*q = -3*q - 21. Let b = 19 + q. Suppose 33*r - 31*r - 32 = 0. What is the greatest common divisor of b and r?
8
Let v be 34/(-14) + 2 + (-6)/(-14). Suppose c - 124 = -v. Calculate the highest common divisor of 31 and c.
31
Let q = -28477 - -58624. What is the greatest common factor of q and 39?
39
Let t(u) = 3*u**2 + 4*u + 1. Let p be t(-8). Suppose g = -f + 30 + 21, -3*g = f - 61. What is the greatest common divisor of p and f?
23
Suppose 0 = -4*z + 10*z - 12. Suppose 3*h - 30 = z*h. Let m = 39 - h. What is the greatest common divisor of m and 72?
9
Let b(j) = 216*j - 132. Let n be b(2). Let i(w) = -6*w - 12. Let g be i(-12). What is the greatest common factor of g and n?
60
Suppose -47367*k + 47417*k = 82150. What is the greatest common divisor of k and 954?
53
Suppose 4*m = 5*m - 15. Suppose -4*b - 4 = 28. Let a be (3 + b)*2*2/(-4). What is the highest common factor of m and a?
5
Let u be 1598/119 + (4 - 155/35). Let d = 258 + -102. Calculate the highest common divisor of u and d.
13
Let p be (-4)/(-4*4)*(-4 - -16). Calculate the greatest common divisor of 10929 and p.
3
Suppose -20*l + 92 = 3092. Let g be (24/(-9))/4*l. What is the greatest common divisor of 70 and g?
10
Suppose -2*m + 180 = -p, 9*m - 4*m = -2*p + 468. Let n(v) = -15*v + 6. Let t be n(4). Let x = 77 + t. What is the highest common factor of m and x?
23
Let s be 4/4 + 5 + -7 + 6. Suppose w + 4*b = 6, -8*b = -s*b + 3. What is the greatest common divisor of 10 and w?
10
Let m be 3/(-3) - 14/(-2). Let j be (m/5)/(2/80). Let o(d) = d**2 - 31*d - 84. Let i be o(43). What is the highest common divisor of j and i?
48
Suppose 23*m - 1320 = -10*m. Suppose -7*f + 308 = -952. Calculate the greatest common divisor of f and m.
20
Let y = -282 + 282. Suppose y = -2*c + 6. What is the greatest common factor of c and 1?
1
Let c be 4 + 79 + -9 - 22. What is the highest common divisor of 8788 and c?
52
Suppose -323*u - 319*u = -635*u - 315. What is the highest common divisor of u and 7365?
15
Let u = 102 + -102. Suppose u = g - 13*g + 816. What is the greatest common divisor of 51 and g?
17
Suppose -9*q + 5*d + 265 = -4*q, -q = -2*d - 51. Let m = q - 2. Suppose 5*g + m = 83. What is the highest common factor of g and 30?
6
Let r(d) = 3*d**2 + 83*d + 593. Let a be r(-13). What is the highest common factor of 2919 and a?
21
Let s be (-85)/20 + (-15)/20 - -929. Calculate the highest common factor of 420 and s.
84
Let t = -300 - -304. Suppose 66 = -t*c + 770. Calculate the greatest common divisor of c and 32.
16
Let d be ((-12)/150*-10)/(50/12625). What is the highest common divisor of d and 1414?
202
Let l be ((-6)/(-3))/(0 + (5 - 4)). Calculate the highest common divisor of l and 1129.
1
Let y(x) = -x**3 + 8*x**2 + 7*x + 4. Let s be y(9). Let l be ((-8)/s)/((-5)/70*-2). Suppose l*h - h - 30 = 0. Calculate the greatest common divisor of 80 and h.
10
Let y be (26/(-7) - -2)/(3/(-63)). Let m = -20 - -23. Let z = 6 + m. What is the greatest common factor of z and y?
9
Suppose -100 - 136 = -2*v - 5*w, 0 = -v + 5*w + 88. Calculate the highest common divisor of 2052 and v.
108
Suppose -5*t - 983 = 4*v - 235171, -v = -4*t - 58568. Calculate the greatest common divisor of 52 and v.
52
Let d(b) be the second derivative of 5*b**3/6 - b**2 - 13*b. Let x be d(1). Suppose -2*n + 5 = -x. Calculate the highest common factor of n and 10.
2
Let l = 7396 - -10704. Calculate the greatest common factor of 20 and l.
20
Let x = 32 - 7. Let y(w) = -13*w + 202. Let r be y(-6). Let s = 405 - r. Calculate the highest common divisor of x and s.
25
Let x = -424 + 905. What is the highest common factor of 13 and x?
13
Suppose -g + 534 = 4*i, 145*i - 148*i = -3*g - 378. Let b = -50 - -86. What is the highest common factor of i and b?
12
Let d = 48 + -44. Let j be ((-6)/4)/(0 - (-2)/d). Let y be 3/((-9)/66)*3/j. Calculate the greatest common factor of 55 and y.
11
Suppose u - 134 = -111. Suppose 24 = 27*i - u*i. Let b(r) = 2*r. Let j be b(3). Calculate the highest common divisor of j and i.
6
Let l = 122 + 1. Calculate the greatest common divisor of 615 and l.
123
Let u = -113 + 139. Suppose 0 = 5*o + 3*o - 2832. Suppose -5*p = -j + 106, o = 4*j + 3*p - 1. Calculate the greatest common factor of u and j.
13
Suppose 84*u = 132*u - 8784. Calculate the highest common divisor of u and 2928.
183
Suppose -2*n + 0*n = -250. Let k(u) = u**3 + 120*u**2 + 231*u - 515. Let c be k(-118). Calculate the highest common divisor of c and n.
25
Let z(f) = -10*f - 418. Let o be z(-42). Suppose 2*x - x - 9 = -o*u, -x = -3*u + 1. What is the highest common divisor of x and 135?
5
Suppose -137*f = 41*f - 269314. Calculate the greatest common factor of f and 119.
17
Let p be (-42)/(-28)*(171 + -1). Suppose -22*t + p = -19*t. Calculate the greatest common factor of t and 119.
17
Suppose -2*l + u + 17 = -58, -4*u = -2*l + 72. Calculate the greatest common factor of 64 and l.
2
Let b(y) = y**3 + 5*y**2 - 9*y - 9. Let j be b(-6). Let x = 206 - 121. Let m be (918/x)/(4/30). What is the greatest common divisor of j and m?
9
Let w(o) = 18 - o - 24 - 29 + 6*o. Let i be w(7). Suppose -3*s + h + 151 = 0, -3*s - h + 4*h + 159 = i. What is the highest common factor of s and 7?
7
Let r be 12/28 + -1 - 12/252*-96. Let g(h) = 2*h**2 - h + 1. Let v be g(7). Calculate the highest common factor of r and v.
4
Let b be 107/4 - ((-3)/19 + (-5244)/(-5776)). Calculate the highest common divisor of b and 6695.
13
Let t(x) = 22*x**2 + 4*x + 1. Let q be t(-8). Let w be 9/((-2)/((-1)/((-7)/(-126)))). Calculate the highest common factor of q and w.
81
Let j be -39*((-42)/90 + 1/(-5)). Let l(k) = 15*k**2 + 4*k + 20. Let t be l(-3). What is the greatest common divisor of j and t?
13
Suppose -4*h - 96 = -5*a, 3*a + 5*h + 36 - 101 = 0. Let n be ((-250)/4)/((-4)/8). Suppose 4*f = n + 115. What is the greatest common divisor of f and a?
20
Let f(i) = -i**3 - 9*i**2 + 32*i + 236. Let r be f(-10). What is the highest common divisor of r and 19408?
16
Let d(m) = 2*m**2 - 110*m + 50. Let r be d(56). Calculate the highest common factor of r and 3456.
54
Let n(o) = 11*o**2 + 297*o - 597. Let d be n(2). Calculate the highest common factor of d and 48339.
41
Let n(l) = -114*l - 1363. Let o be n(-18). Calculate the highest common divisor of 636 and o.
53
Let f = 4049 - 2409. Let y = -960 + f. What is the highest common divisor of y and 68?
68
Suppose -444 + 440 - 892 = -16*t. Let a = -352 - -506